164537 composite?
True
Is 45707 a prime number?
True
Is 297049 a composite number?
False
Is 78101 a prime number?
True
Is 35069 composite?
False
Is 53813 a composite number?
False
Is 27147 composite?
True
Is 1730849 composite?
False
Is 12571 prime?
False
Is 19813 prime?
True
Is 89615 a prime number?
False
Is 1734167 composite?
False
Is 124617 prime?
False
Is 450793 composite?
True
Is 6667 a prime number?
False
Is 33281 a prime number?
False
Is 1006651 a composite number?
False
Is 45509 a prime number?
False
Is 29819 composite?
False
Is 64997 a prime number?
True
Is 3238 a prime number?
False
Is 90617 prime?
True
Is 604547 a prime number?
True
Is 37057 a prime number?
True
Is 11851 a composite number?
True
Is 97919 a composite number?
False
Is 10929 composite?
True
Is 2573179 composite?
True
Is 14137 a prime number?
False
Is 9029 prime?
True
Is 6905 composite?
True
Is 3763 composite?
True
Is 891419 a composite number?
True
Is 4589135 prime?
False
Is 19263 composite?
True
Is 634553 composite?
True
Is 850589 prime?
False
Is 63577 composite?
False
Is 901193 composite?
False
Is 57487 prime?
True
Is 22047 composite?
True
Is 824153 a composite number?
True
Is 166043 a composite number?
False
Is 50983 prime?
False
Is 7477 a prime number?
True
Is 462181 prime?
True
Is 5123707 composite?
False
Is 503483 a prime number?
True
Is 2554 a prime number?
False
Is 1903 composite?
True
Is 908287 a composite number?
False
Is 40063 composite?
False
Is 685277 a prime number?
False
Is 321889 a composite number?
False
Is 17377 a prime number?
True
Is 42153 composite?
True
Is 4687 a composite number?
True
Is 2267 a composite number?
False
Is 112963 a prime number?
False
Is 25385 a composite number?
True
Is 95701 prime?
True
Is 29599 a prime number?
True
Is 19739 a composite number?
False
Is 17539 composite?
False
Is 12295 a prime number?
False
Is 940543 a composite number?
False
Is 1207 a composite number?
True
Is 82067 composite?
False
Is 287 a prime number?
False
Is 1206151 composite?
False
Is 19289 prime?
True
Is 2833 a prime number?
True
Is 46853 prime?
True
Is 19801 composite?
False
Is 121627 prime?
False
Is 301259 a prime number?
False
Is 71317 composite?
False
Is 60943 prime?
True
Is 29083 a prime number?
False
Is 141682 a composite number?
True
Is 23 composite?
False
Is 143017 a composite number?
True
Is 3107 composite?
True
Is 25763 a prime number?
True
Is 54611 a composite number?
True
Is 8347 a composite number?
True
Is 179 a composite number?
False
Is 173153 composite?
True
Is 8363 a composite number?
False
Is 75039 composite?
True
Is 78049 composite?
False
Is 1750343 a composite number?
True
Is 1376179 a prime number?
False
Is 51173 a composite number?
True
Is 700627 composite?
False
Is 758 composite?
True
Is 211317 a composite number?
True
Is 102667 a prime number?
True
Is 121123 a composite number?
False
Is 3967 composite?
False
Is 55661 a composite number?
False
Is 1369889 prime?
False
Is 176591 a composite number?
False
Is 459793 composite?
True
Is 3505 a prime number?
False
Is 420445 composite?
True
Is 89 a composite number?
False
Is 826697 a prime number?
True
Is 3442 composite?
True
Is 4710505 prime?
False
Is 165569 prime?
True
Is 80617 a prime number?
False
Is 17341 composite?
False
Is 8263 composite?
False
Is 31751 composite?
False
Is 124067 a composite number?
False
Is 397469 a prime number?
True
Is 490267 composite?
False
Is 11017 composite?
True
Is 504299 a composite number?
False
Is 396833 composite?
False
Is 474241 a composite number?
False
Is 134711 a composite number?
True
Is 11651 composite?
True
Is 74759 a composite number?
False
Is 457871 a composite number?
False
Is 4421 a composite number?
False
Is 13911 composite?
True
Is 21647 a prime number?
True
Is 120193 composite?
False
Is 317294 prime?
False
Is 189127 prime?
True
Is 921199 composite?
False
Is 29485 prime?
False
Is 2246 a prime number?
False
Is 73561 composite?
False
Is 38953 a prime number?
True
Is 174721 a prime number?
True
Is 684631 prime?
False
Is 2619985 a composite number?
True
Is 72737 a prime number?
False
Is 54547 prime?
True
Is 240379 a prime number?
True
Is 40567 a prime number?
False
Is 15259 composite?
False
Is 1401107 prime?
False
Is 533573 a prime number?
True
Is 1949 a composite number?
False
Is 7069 a prime number?
True
Is 183151 composite?
False
Is 85691 a composite number?
False
Is 587927 a prime number?
True
Is 105745 a composite number?
True
Is 165457 a composite number?
False
Is 171293 prime?
True
Is 10061 composite?
False
Is 21367 composite?
True
Is 1470757 a prime number?
True
Is 559 a prime number?
False
Is 5305 a prime number?
False
Is 5779 a prime number?
True
Is 56617 a prime number?
False
Is 890003 a prime number?
True
Is 94687 a composite number?
False
Is 622009 prime?
True
Is 22469 a composite number?
False
Is 48973 a prime number?
True
Is 107069 composite?
False
Is 189461 a composite number?
True
Is 23923 a prime number?
False
Is 44651 a prime number?
True
Is 4885 a composite number?
True
Is 160541 a composite number?
False
Is 18479 a prime number?
False
Is 72911 a prime number?
True
Is 49079 prime?
False
Is 15131 composite?
False
Is 368773 composite?
False
Is 44351 a composite number?
False
Is 50449 composite?
True
Is 24587 a prime number?
False
Is 4861 a prime number?
True
Is 29353 prime?
False
Is 27091 a composite number?
False
Is 932657 a composite number?
True
Is 2745361 composite?
False
Is 20201 prime?
True
Is 13379 a composite number?
True
Is 285517 a composite number?
False
Is 48049 prime?
True
Is 1000585 prime?
False
Is 863081 a composite number?
False
Is 5638 prime?
False
Is 582719 a prime number?
True
Is 379 prime?
True
Is 29147 a composite number?
False
Is 5891 a composite number?
True
Is 1730743 a prime number?
False
Is 56431 a prime number?
True
Is 3037 prime?
True
Is 66419 a composite number?
True
Is 1670287 a prime number?
True
Is 6469 a composite number?
False
Is 20053 composite?
True
Is 39269 prime?
False
Is 6527 composite?
True
Is 1499782 a composite number?
True
Is 67147 a composite number?
True
Is 752083 a prime number?
True
Is 11549 composite?
False
Is 63443 a prime number?
True
Is 1252843 a composite number?
False
Is 13235 prime?
False
Is 17137 a composite number?
False
Is 2819 composite?
False
Is 8513 composite?
False
Is 239383 a composite number?
False
Is 1201 prime?
True
Is 3029 composite?
True
Is 686293 prime?
True
Is 1693 prime?
True
Is 10183 prime?
False
Is 7903 composite?
True
Is 382273 composite?
True
Is 17569 a prime number?
True
Is 174565 prime?
False
Is 23789 a prime number?
True
Is 76597 a prime number?
True
Is 5131 a composite number?
True
Is 5333 a composite number?
False
Is 1868309 prime?
True
Is 4903 prime?
True
Is 244901 prime?
True
Is 56841 a prime number?
False
Is 2135059 prime?
False
Is 68813 a composite number?
False
Is 1297493 a prime number?
False
Is 511627 a composite number?
False
Is 37217 prime?
True
Is 826465 a prime number?
False
Is 8923 prime?
True
Is 978427 a composite number?
False
Is 9217 prime?
False
Is 87467 a composite number?
True
Is 557 composite?
False
Is 280159 a prime number?
False
Is 594109 composite?
True
Is 9197 a prime number?
False
Is 7937 prime?
True
Is 354359 prime?
False
Is 959 a prime number?
False
Is 10007 a composite number?
False
Is 83938 prime?
False
Is 6449 a prime number?
True
Is 1409 composite?
False
Is 24439 a prime number?
True
Is 14131 prime?
False
Is 47459 a prime number?
True
Is 204665 prime?
False
Is 877 prime?
True
Is 23381 composite?
True
Is 42493 composite?
True
Is 13358 composite?
True
Is 1193347 prime?
False
Is 1446373 prime?
False
Is 7867 a prime number?
True
Is 13001 composite?
False
Is 5209 a composite number?
False
Is 29377 a composite number?
True
Is 125651 a prime number?
True
Is 126283 prime?
False
Is 195463 a composite number?
True
Is 11851 prime?
False
Is 14447 prime?
True
Is 129887 prime?
True
Is 62849 composite?
True
Is 608018 prime?
False
Is 23741 prime?
True
Is 20183 prime?
True
Is 26753 prime?
False
Is 949253 prime?
True
Is 131731 composite?
False
Is 40343 prime?
True
Is 2543185 a prime number?
False
Is 181499 composite?
False
Is 579911 a composite number?
True
Is 16871 a prime number?
True
Is 7993 composite?
False
Is 6373 a composite numb